d 13340?
580
Calculate the greatest common divisor of 54 and 206639478.
54
Calculate the greatest common factor of 74215498 and 26264.
6566
Calculate the highest common factor of 36 and 9597483.
9
What is the highest common divisor of 238 and 261935065?
119
Calculate the greatest common factor of 85148861 and 6415.
1283
Calculate the greatest common factor of 27711218 and 4628.
178
Calculate the highest common divisor of 137924 and 553172.
164
Calculate the highest common divisor of 5658 and 71699694.
138
Calculate the highest common divisor of 4291658 and 28294.
602
What is the greatest common divisor of 2511 and 61473?
93
Calculate the greatest common divisor of 287266 and 169354.
578
What is the greatest common factor of 6336 and 102982176?
3168
Calculate the greatest common factor of 6 and 76385112.
6
Calculate the greatest common divisor of 200 and 5060240.
40
Calculate the highest common factor of 705 and 245421545.
235
Calculate the greatest common factor of 320573 and 287051.
151
What is the highest common divisor of 72 and 3016350?
18
Calculate the highest common divisor of 9117 and 73125.
9
What is the highest common divisor of 1082295 and 45063?
27
Calculate the greatest common divisor of 470592 and 1444.
76
Calculate the greatest common divisor of 562705 and 38016035.
3935
Calculate the highest common divisor of 475568 and 1144.
8
Calculate the highest common divisor of 197841 and 1890.
21
What is the highest common factor of 2022 and 46002522?
2022
What is the greatest common factor of 90324 and 37512252?
6948
What is the highest common divisor of 165125 and 500?
125
Calculate the greatest common factor of 33884925 and 75.
75
Calculate the greatest common factor of 708074954 and 358.
358
What is the greatest common factor of 200 and 5748800?
200
What is the highest common factor of 4960 and 2380955?
155
Calculate the greatest common factor of 1 and 27403.
1
Calculate the greatest common divisor of 3565045 and 1045.
55
Calculate the greatest common factor of 507 and 32902103.
169
What is the greatest common factor of 2603 and 6037727?
137
Calculate the highest common divisor of 4135 and 341017585.
4135
What is the highest common divisor of 1010692552 and 7288?
7288
Calculate the highest common divisor of 40192 and 13160996.
628
What is the highest common divisor of 85550 and 967600?
2950
What is the greatest common divisor of 88595 and 28855?
145
What is the highest common factor of 1750 and 935998?
14
Calculate the highest common factor of 31602345 and 4170.
2085
What is the greatest common divisor of 66750082 and 10934?
994
What is the highest common factor of 9003501 and 2147?
113
What is the highest common factor of 300412736 and 128?
64
Calculate the greatest common factor of 54 and 64941336.
18
Calculate the greatest common divisor of 17287710 and 60.
30
What is the greatest common factor of 1482 and 12104911?
13
Calculate the greatest common factor of 1774806 and 143.
11
Calculate the greatest common divisor of 19669867 and 238.
119
What is the highest common factor of 6628212 and 108?
36
Calculate the highest common divisor of 6894015 and 765.
15
Calculate the greatest common factor of 468 and 5539014.
234
What is the highest common factor of 4249 and 5852694?
607
What is the greatest common divisor of 1200072 and 817791?
4839
What is the highest common factor of 206688 and 10128?
48
Calculate the greatest common factor of 988 and 182664898.
494
What is the greatest common factor of 812 and 1912753?
29
What is the greatest common factor of 8206 and 60426?
746
Calculate the highest common factor of 9696754 and 213.
71
Calculate the greatest common factor of 100 and 4146550.
50
Calculate the highest common divisor of 4668954 and 75021.
4413
What is the greatest common factor of 17 and 18573197?
17
Calculate the greatest common factor of 15568 and 75824.
112
Calculate the greatest common divisor of 400068 and 360.
36
Calculate the highest common factor of 98425 and 18669.
127
Calculate the greatest common factor of 1219864 and 1946.
278
What is the greatest common factor of 72886 and 279158?
22
What is the highest common factor of 828025 and 11825?
275
What is the highest common divisor of 182805 and 2205?
105
What is the greatest common divisor of 15456 and 5800186?
322
Calculate the greatest common divisor of 811103 and 85907.
271
Calculate the highest common factor of 3090 and 4219395.
1545
Calculate the greatest common divisor of 545 and 228294505.
545
Calculate the highest common divisor of 34528936 and 6500.
52
Calculate the greatest common factor of 2531323 and 2342997.
5539
Calculate the greatest common factor of 2527366 and 730933.
2131
Calculate the highest common factor of 126614121 and 737.
67
What is the highest common factor of 20034 and 4068?
18
Calculate the highest common divisor of 5644 and 675564224.
5644
Calculate the highest common factor of 1230 and 248655.
15
What is the greatest common divisor of 9531 and 5040963?
9
Calculate the highest common factor of 17277 and 8146593.
39
What is the highest common factor of 1152998 and 6160?
154
Calculate the highest common factor of 44636016 and 1368.
456
What is the highest common factor of 312766 and 136?
34
Calculate the highest common factor of 21867168 and 1632.
1632
Calculate the greatest common divisor of 227735 and 149110.
185
What is the greatest common factor of 475 and 70521635?
95
What is the greatest common divisor of 28989150 and 150?
150
Calculate the highest common divisor of 201565 and 660070.
2215
Calculate the highest common divisor of 16557200 and 60.
20
Calculate the greatest common factor of 626144 and 74528.
544
What is the greatest common factor of 29548970 and 35090?
3190
Calculate the greatest common divisor of 1271 and 961496.
31
Calculate the highest common factor of 3201 and 266871.
33
What is the greatest common divisor of 8203680 and 1620?
1620
Calculate the greatest common factor of 17321009 and 2804.
701
Calculate the greatest common divisor of 2211 and 150810.
33
What is the highest common factor of 24 and 454244502?
6
What is the highest common factor of 43202895 and 435?
435
What is the greatest common divisor of 589 and 5886187?
31
Calculate the highest common divisor of 10958868 and 3132.
3132
What is the highest common divisor of 12 and 4616874?
6
What is the highest common divisor of 568917 and 7182?
513
What is the greatest common divisor of 21900 and 9365900?
7300
What is the highest common divisor of 2776 and 296790488?
2776
Calculate the highest common divisor of 231 and 604510863.
33
Calculate the greatest common divisor of 32 and 3025016.
8
Calculate the greatest common factor of 23725035 and 32895.
1935
What is the highest common divisor of 150901056 and 62?
62
What is the highest common divisor of 1850 and 4488655?
185
What is the greatest common factor of 197 and 2697?
1
Calculate the highest common factor of 1424553 and 117.
39
What is the highest common factor of 19439380 and 201?
67
Calculate the highest common divisor of 4494 and 4248328.
1498
What is the highest common factor of 407258 and 189970?
314
Calculate the highest common factor of 717958 and 8.
2
Calculate the greatest common factor of 215808 and 1035204.
3372
Calculate the highest common divisor of 2134030 and 40120.
590
What is the greatest common factor of 3040 and 270256?
304
What is the greatest common factor of 40131 and 878241?
273
Calculate the highest common factor of 31308 and 330933387.
7827
What is the greatest common factor of 31 and 537?
1
What is the greatest common divisor of 854337 and 627?
33
Calculate the highest common divisor of 7565 and 1682367.
89
What is the highest common factor of 4495961 and 7006?
31
What is the highest common divisor of 3313 and 479?
1
What is the highest common divisor of 538 and 1846643574?
538
What is the highest common factor of 72171 and 44388?
81
What is the greatest common factor of 16 and 982734712?
8
What is the highest common divisor of 20600 and 1688?
8
What is the highest common factor of 345 and 13927880?
115
What is the greatest common divisor of 1866070 and 30?
10
What is the greatest common divisor of 107592 and 56?
8
Calculate the highest common factor of 2000 and 4387050.
50
What is th